 4*c - 3, -1 = m + 2*c. Suppose m*r - 2804 = 716. List the prime factors of r.
2, 11
Suppose -10*u + 7001 + 2829 = 0. List the prime factors of u.
983
Let f(k) = -k**2 - 3*k + 21. Let b be f(-6). List the prime factors of b/((-27)/63) - -1786.
3, 593
Let d(c) = 59*c**2 - 90*c - 2839. What are the prime factors of d(-23)?
2, 31, 491
Let a = -218 - -225. List the prime factors of 66/(-231) + 1024/a.
2, 73
Let y be (1/2)/(-5*(-3)/1380). Suppose 0 = -2*r + 2*x + 194, 3*x = -4 + 7. Let u = y + r. What are the prime factors of u?
2, 3
Suppose 5*z = -i + 1705, 117*i - 119*i + 2*z + 3494 = 0. List the prime factors of i.
2, 3, 5, 29
Let l(s) = s**3 - 4*s**2 + 3*s - 3. Let j be l(2). List the prime factors of 52 + 1 + 20/j.
7
Let q(n) = 2*n**3 + 21*n**2 - 45. Let a be q(-14). Let k = a - -820. Let b = -331 - k. List the prime factors of b.
2, 7, 19
Let j = 14348 + -7923. List the prime factors of j.
5, 257
Let d(i) = -4*i - 4. Let w be d(-2). Let j(t) = t - 4 - 3*t + 4 - w. List the prime factors of j(-8).
2, 3
Let i = 4514 - -257. List the prime factors of i.
13, 367
Suppose 143 = 11*d - 1848. Let h = 157 + d. What are the prime factors of h?
2, 13
Let i(p) = p**3 - 13*p**2 + p - 16. Let q be i(8). Let r = q - -1365. What are the prime factors of r?
17, 61
Suppose -84*f = -655210 - 1144994. What are the prime factors of f?
29, 739
Suppose -2*y - 2*y - 12 = -4*i, 5*y = -2*i + 27. Let l be 2*i*4/12. Suppose 0 = -l*k + 11*k - 462. List the prime factors of k.
2, 3, 11
Let w = -6668 - -15909. List the prime factors of w.
9241
Let i be 9 + -13 + (16 - 2) + -5. Suppose -i*g = r - 3266, -1608 = -3*g - 5*r + 334. What are the prime factors of g?
2, 3, 109
Suppose -7*v + 10*v - 50 = 5*q, -4*v - 4*q + 56 = 0. List the prime factors of 4/10 - (-7659)/v.
7, 73
Let h = -221 - -438. Suppose -3*j + x - 5*x = -h, -5*j + x + 354 = 0. Suppose -5*z + j = -164. List the prime factors of z.
47
Let b = -3412 - -10148. What are the prime factors of b?
2, 421
Suppose -4*h - 36 = -5*p, -4 = -5*p - 5*h + h. Suppose -q + 2*w - 216 = -1210, p*w = 3*q - 2980. List the prime factors of q.
2, 31
Suppose 171*u - 166*u - 59344 = 3*k, -3*k = 4*u - 47459. List the prime factors of u.
11867
Suppose -3*m - 61 = 2*s, 4*m - 4 = -16. Let q = 30 + s. Suppose t = -4*h + 122, h + h - 68 = -q*t. What are the prime factors of h?
2, 3, 5
Suppose 3*v + 5*o + 15 = -0, 3*v - 5*o - 15 = 0. Suppose -6*r + 1787 - 65 = v. List the prime factors of r.
7, 41
Let g be (-38)/(-3) + (-2)/(-6)*-2. Suppose -4*k - 2872 = -g*k. List the prime factors of k.
359
Suppose 2*h + 105 = 109. Suppose 3*c = h*r + 1044, -4*c - 4*r - 272 = -1684. List the prime factors of c.
2, 5, 7
Let p(i) = i**2 + 2*i + 876. Let c be p(0). Suppose -7*h + 4*t = -2*h - c, 3*h = 3*t + 525. What are the prime factors of h?
2, 11
Let a(l) = 21*l**2 + 484*l + 27. Let w be a(-23). Let t = 3 - 0. Suppose 213 = w*h + 5*f, t*h - 57 - 108 = -2*f. What are the prime factors of h?
3, 19
Let o(h) = -h**2 - 26*h - 20. Suppose -3*q - 53 = 2*k, 0 = -8*k + 5*k - 5*q - 80. Let b be o(k). List the prime factors of 64 + -1 + (-5 + 9 - b).
2, 31
Suppose 5*d - 4*r - 13535 = 8956, -5*r + 4504 = d. List the prime factors of d.
11, 409
Let d(u) = -u + 2. Let v be d(0). Suppose 4 = -3*a - 5*q - v, -27 = -5*a + 4*q. What are the prime factors of a/(-9) + (-55)/(-3)?
2, 3
Let i(x) be the third derivative of -x**6/120 - x**5/30 + x**4/12 + 293*x**3/3 + 22*x**2 - x. What are the prime factors of i(0)?
2, 293
Let k(i) = -19*i + 8 + 4*i**2 + 27 + 18 - 38. List the prime factors of k(13).
2, 3, 37
Let f = 63 - -267. What are the prime factors of (f/75 - 4/10) + 534?
2, 269
List the prime factors of ((-2)/11)/(654/(-53660046)).
2, 7459
Suppose -4*y + 7*y = -414. What are the prime factors of (0 + y)*(-11)/((-165)/(-40))?
2, 23
Suppose -4*t = 3*r - 3037, 3*t + 211 - 2490 = -2*r. Let d = t + 230. List the prime factors of d.
3, 331
Suppose -32*l - 601 = -33*l. Suppose -l*b + 602*b - 263 = 0. List the prime factors of b.
263
List the prime factors of (-2)/(-17) - (-7 + (-605842)/34).
2, 3, 2971
Let d(q) = q**2 + 63*q - 27. Let b be d(-25). Let g = b + 2412. List the prime factors of g.
5, 7, 41
Suppose -4*a = -4*k + 42500, -2*k - a + 17712 = -3544. What are the prime factors of k?
10627
Suppose 0 = -2*y + 9*y + 2107. Let h = y + 433. What are the prime factors of h?
2, 3, 11
Suppose 84*u + 2970 = 93*u. Suppose -u*m + 324*m = -5058. List the prime factors of m.
3, 281
Let i = -10 + -24. Let k = -17 - i. Suppose t = 4*b + 92, 5*t + k = -3*b + 454. List the prime factors of t.
2, 11
Let a = -5326 + 8506. Suppose -537*n + a = -532*n. List the prime factors of n.
2, 3, 53
What are the prime factors of (1 + (928 - -7))/(2/27)?
2, 3, 13
Suppose 16 = -13*o + 263. Suppose 0 = -o*y + 17*y + 854. What are the prime factors of y?
7, 61
Let m(u) = -5056*u**3 - 2*u**2 - 7*u - 5. List the prime factors of m(-1).
2, 79
Let v = -500 - -1127. Let s = v - 338. What are the prime factors of s?
17
Let n(b) = b. Let i(u) = 9*u - 33. Let t(s) = i(s) + 2*n(s). Let m be 3/(9/(-19))*(-135 - -132). What are the prime factors of t(m)?
2, 11
Suppose -154*k + 149*k = -5*u + 57450, 3*k = 4*u - 45960. What are the prime factors of u?
2, 3, 5, 383
Suppose 89433 - 786729 = -175*p + 342029. What are the prime factors of p?
5939
Suppose -3*c + 10*n - 5*n + 36519 = 0, 4*c - 48762 = -5*n. List the prime factors of c.
3, 31, 131
Let k = -90 - -90. Suppose -4*j = -k*j + 268. Let w = 208 + j. List the prime factors of w.
3, 47
Suppose -326 = -x - 1278. Let r = 1455 + x. List the prime factors of r.
503
Let l(b) = 163*b - 335. What are the prime factors of l(28)?
4229
Let w = 85396 - 56196. List the prime factors of w.
2, 5, 73
Suppose -6*r + 0 = -18. List the prime factors of -1 + (-12)/r + 836.
3, 277
Let j(h) = 16*h**2 + 29*h - 13. What are the prime factors of j(3)?
2, 109
Let k = 10487 - -3115. What are the prime factors of k?
2, 3, 2267
Let d be -1 - (-40)/(40/5). Suppose 5*y = 4*t - 1815, 3*t - 4*y = d*t - 480. What are the prime factors of t?
2, 5, 23
Let c(g) = -g**3 + 9*g**2 - 10*g + 18. Let u be c(8). Suppose p = -3*s + u, -2 = 4*p + s + 1. What are the prime factors of 1 + (70 + p - 2)?
2, 17
What are the prime factors of (-303)/(-404) + 40394/8?
2, 5, 101
Suppose 29 = 2*s - 5*p, -16*s - p - 11 = -19*s. Suppose -5*u + t = -2543, 3*u = -s*u - 2*t + 2549. List the prime factors of u.
509
Suppose -14611*q + 14614*q = 927. What are the prime factors of q?
3, 103
Let s be 2 + -2 + 5 - 6/2. Suppose -s*c = -0*b + 3*b - 590, 0 = -b + 3*c + 182. Let o = -86 + b. What are the prime factors of o?
2, 3
Suppose -2*y + 16428 = 4*m, -4*y + 6*m + 32856 = m. Suppose -11*p = -5*p - y. What are the prime factors of p?
37
Suppose 0 = -51*a + 672710 + 1559198 - 473428. List the prime factors of a.
2, 5, 431
Suppose 132*f - 566593 = 569100 + 1605551. List the prime factors of f.
19, 1093
Let o = -473 + 475. Suppose -9*q - o = -29. What are the prime factors of q?
3
Suppose 5*z - 30775 = -r + 2*r, -z + 5*r = -6155. Suppose 7*t = 10*t - l - 3682, -5*t = 2*l - z. What are the prime factors of t?
1229
Suppose 4*f - 287 = -3*o, 2*f = -2*f + 3*o + 257. Suppose f - 450 = -3*u + 5*s, -u + 2*s = -129. List the prime factors of u.
7, 17
Suppose n - 693 = 14*y - 11*y, 0 = -3*y + 2*n - 696. Let h be 0 - (44/1 - 1). Let u = h - y. What are the prime factors of u?
11, 17
Suppose 15*l + 15360 = 96375. List the prime factors of l.
11, 491
Suppose -r - 4*r + 19 = 2*c, 2*r = 3*c. List the prime factors of -2 - (c/6)/(10/(-8220)).
2, 17
Let j be (-6 - -5) + -74 + 1. Suppose 8*l + 282 = 3*a + 5*l, -4*a = 3*l - 369. Let r = a - j. List the prime factors of r.
167
Suppose -4*i - 4 = 0, -321 = -h - 2*i - 0*i. Suppose 2*p = -2*a - 3*a + 1627, 2*p = a - h. What are the prime factors of a?
5, 13
Let r = 4904 + 1940. What are the prime factors of r?
2, 29, 59
What are the prime factors of (1/((-5)/30) + 5)*1*-36771?
3, 7, 17, 103
Let a(c) = 1140*c + 8. Let k be a(1). Suppose 14*d = b + 9*d - 558, -2*d - k = -2*b. List the prime factors of b.
2, 17
Suppose -4*z + 178 = 2*r, z + 6*r = 11*r + 17. Suppose n - z = -2*j, 37*j - 41*j = -3*n + 166. List the prime factors of n.
2, 5
Let y(f) = -38*f**2 - 3*f + 32. Let c(m) = -40*m**2 - 2*m + 33. Let l(o) 